{"id":14499,"date":"2024-06-10T17:04:49","date_gmt":"2024-06-10T14:04:49","guid":{"rendered":"https:\/\/iea-ras.ru\/?page_id=14499"},"modified":"2024-06-10T17:08:20","modified_gmt":"2024-06-10T14:08:20","slug":"%d0%b4%d0%be%d0%bd%d0%b5%d0%b6%d1%83%d0%ba-%d0%bc%d1%83%d1%80%d0%b0%d1%82-%d1%8e%d1%81%d1%83%d1%84%d0%be%d0%b2%d0%b8%d1%87","status":"publish","type":"page","link":"https:\/\/iea-ras.ru\/?page_id=14499","title":{"rendered":"\u0414\u043e\u043d\u0435\u0436\u0443\u043a \u041c\u0443\u0440\u0430\u0442 \u042e\u0441\u0443\u0444\u043e\u0432\u0438\u0447"},"content":{"rendered":"<p><em><img loading=\"lazy\" decoding=\"async\" class=\"size-medium wp-image-14500 alignleft\" src=\"https:\/\/iea-ras.ru\/wp-content\/uploads\/2024\/06\/\u0414\u043e\u043d\u0435\u0436\u0443\u043a-258x300.png\" alt=\"\" width=\"258\" height=\"300\" srcset=\"https:\/\/iea-ras.ru\/wp-content\/uploads\/2024\/06\/\u0414\u043e\u043d\u0435\u0436\u0443\u043a-258x300.png 258w, https:\/\/iea-ras.ru\/wp-content\/uploads\/2024\/06\/\u0414\u043e\u043d\u0435\u0436\u0443\u043a-300x348.png 300w, https:\/\/iea-ras.ru\/wp-content\/uploads\/2024\/06\/\u0414\u043e\u043d\u0435\u0436\u0443\u043a-600x696.png 600w, https:\/\/iea-ras.ru\/wp-content\/uploads\/2024\/06\/\u0414\u043e\u043d\u0435\u0436\u0443\u043a.png 641w\" sizes=\"auto, (max-width: 258px) 100vw, 258px\" \/>\u043a\u0430\u043d\u0434\u0438\u0434\u0430\u0442 \u0438\u0441\u0442\u043e\u0440\u0438\u0447\u0435\u0441\u043a\u0438\u0445 \u043d\u0430\u0443\u043a,<br \/>\n<\/em><em>\u043d\u0430\u0443\u0447\u043d\u044b\u0439 \u0441\u043e\u0442\u0440\u0443\u0434\u043d\u0438\u043a \u0420\u0430\u0441\u043f\u0440\u0435\u0434\u0435\u043b\u0435\u043d\u043d\u043e\u0433\u043e \u043d\u0430\u0443\u0447\u043d\u043e\u0433\u043e \u0446\u0435\u043d\u0442\u0440\u0430<br \/>\n<\/em><em>\u043c\u0435\u0436\u043d\u0430\u0446\u0438\u043e\u043d\u0430\u043b\u044c\u043d\u044b\u0445 \u0438 \u0440\u0435\u043b\u0438\u0433\u0438\u043e\u0437\u043d\u044b\u0445 \u043f\u0440\u043e\u0431\u043b\u0435\u043c.<\/em><\/p>\n<p><strong>\u041a\u043e\u043d\u0442\u0430\u043a\u0442\u044b:<\/strong><br \/>\n<a href=\"donezhuk.murat@yandex.ru\">donezhuk.murat@yandex.ru<\/a><\/p>\n<p><strong>\u041e\u0431\u0440\u0430\u0437\u043e\u0432\u0430\u043d\u0438\u0435:<\/strong><br \/>\n\u0412 2018 \u0433. \u043e\u043a\u043e\u043d\u0447\u0438\u043b \u043e\u0431\u0443\u0447\u0435\u043d\u0438\u0435 \u043d\u0430 \u0424\u0430\u043a\u0443\u043b\u044c\u0442\u0435\u0442\u0435 \u0430\u0434\u044b\u0433\u0435\u0439\u0441\u043a\u043e\u0439 \u0444\u0438\u043b\u043e\u043b\u043e\u0433\u0438\u0438 \u0438 \u043a\u0443\u043b\u044c\u0442\u0443\u0440\u044b \u0410\u0434\u044b\u0433\u0435\u0439\u0441\u043a\u043e\u0433\u043e \u0433\u043e\u0441\u0443\u0434\u0430\u0440\u0441\u0442\u0432\u0435\u043d\u043d\u043e\u0433\u043e \u0443\u043d\u0438\u0432\u0435\u0440\u0441\u0438\u0442\u0435\u0442\u0430. \u0421 \u0442\u043e\u0433\u043e \u0436\u0435 \u0433\u043e\u0434\u0430 \u043f\u043e 2021 \u0433. \u0430\u0441\u043f\u0438\u0440\u0430\u043d\u0442 \u0432 \u0418\u043d\u0441\u0442\u0438\u0442\u0443\u0442\u0435 \u044d\u0442\u043d\u043e\u043b\u043e\u0433\u0438\u0438 \u0438 \u0430\u043d\u0442\u0440\u043e\u043f\u043e\u043b\u043e\u0433\u0438\u0438 \u0420\u0410\u041d. \u0412 2022 \u0433. \u0437\u0430\u0449\u0438\u0442\u0438\u043b \u043a\u0430\u043d\u0434\u0438\u0434\u0430\u0442\u0441\u043a\u0443\u044e \u0434\u0438\u0441\u0441\u0435\u0440\u0442\u0430\u0446\u0438\u044e \u043d\u0430 \u0442\u0435\u043c\u0443: \u00ab\u042d\u0442\u043d\u043e\u043a\u0443\u043b\u044c\u0442\u0443\u0440\u043d\u044b\u0435 \u0438 \u044f\u0437\u044b\u043a\u043e\u0432\u044b\u0435 \u043e\u0440\u0438\u0435\u043d\u0442\u0430\u0446\u0438\u0438 \u0430\u0434\u044b\u0433\u0435\u0439\u0441\u043a\u043e\u0439 \u0441\u0442\u0443\u0434\u0435\u043d\u0447\u0435\u0441\u043a\u043e\u0439 \u043c\u043e\u043b\u043e\u0434\u0435\u0436\u0438 (\u043f\u043e \u043c\u0430\u0442\u0435\u0440\u0438\u0430\u043b\u0430\u043c \u044d\u0442\u043d\u043e\u0441\u043e\u0446\u0438\u043e\u043b\u043e\u0433\u0438\u0447\u0435\u0441\u043a\u043e\u0433\u043e \u0438\u0441\u0441\u043b\u0435\u0434\u043e\u0432\u0430\u043d\u0438\u044f 2020-2021 \u0433\u0433.)\u00bb.<\/p>\n<p><strong>\u0422\u0440\u0443\u0434\u043e\u0432\u0430\u044f \u0434\u0435\u044f\u0442\u0435\u043b\u044c\u043d\u043e\u0441\u0442\u044c:<\/strong><br \/>\n\u0441 2018 \u043f\u043e 2022 \u0433\u0433. \u0441\u0442\u0430\u0436\u0435\u0440-\u0438\u0441\u0441\u043b\u0435\u0434\u043e\u0432\u0430\u0442\u0435\u043b\u044c \u0432 \u0426\u0435\u043d\u0442\u0440\u0435 \u043f\u043e \u0438\u0437\u0443\u0447\u0435\u043d\u0438\u044e \u043c\u0435\u0436\u044d\u0442\u043d\u0438\u0447\u0435\u0441\u043a\u0438\u0445 \u043e\u0442\u043d\u043e\u0448\u0435\u043d\u0438\u0439 \u0418\u042d\u0410 \u0420\u0410\u041d. \u0412 2022 \u0433. \u043f\u0435\u0440\u0435\u0432\u0435\u0434\u0435\u043d \u043d\u0430 \u0434\u043e\u043b\u0436\u043d\u043e\u0441\u0442\u044c \u043c\u043b\u0430\u0434\u0448\u0435\u0433\u043e \u043d\u0430\u0443\u0447\u043d\u043e\u0433\u043e \u0441\u043e\u0442\u0440\u0443\u0434\u043d\u0438\u043a\u0430, \u0430 \u0441 2023 \u0433. \u043d\u0430\u0443\u0447\u043d\u044b\u0439 \u0441\u043e\u0442\u0440\u0443\u0434\u043d\u0438\u043a \u0420\u0430\u0441\u043f\u0440\u0435\u0434\u0435\u043b\u0435\u043d\u043d\u043e\u0433\u043e \u043d\u0430\u0443\u0447\u043d\u043e\u0433\u043e \u0446\u0435\u043d\u0442\u0440\u0430 \u043c\u0435\u0436\u043d\u0430\u0446\u0438\u043e\u043d\u0430\u043b\u044c\u043d\u044b\u0445 \u0438 \u0440\u0435\u043b\u0438\u0433\u0438\u043e\u0437\u043d\u044b\u0445 \u043f\u0440\u043e\u0431\u043b\u0435\u043c \u0418\u043d\u0441\u0442\u0438\u0442\u0443\u0442\u0430 \u044d\u0442\u043d\u043e\u043b\u043e\u0433\u0438\u0438 \u0438 \u0430\u043d\u0442\u0440\u043e\u043f\u043e\u043b\u043e\u0433\u0438\u0438 \u0420\u0410\u041d.<\/p>\n<p><strong>\u041e\u0431\u043b\u0430\u0441\u0442\u0438 \u043d\u0430\u0443\u0447\u043d\u043e\u0433\u043e \u0438\u043d\u0442\u0435\u0440\u0435\u0441\u0430:<\/strong><br \/>\n&#8212; \u044f\u0437\u044b\u043a\u043e\u0432\u043e\u0435 \u043f\u043e\u0432\u0435\u0434\u0435\u043d\u0438\u0435 \u0438 \u044f\u0437\u044b\u043a\u043e\u0432\u044b\u0435 \u043a\u043e\u043c\u043f\u0435\u0442\u0435\u043d\u0446\u0438\u0438 \u0430\u0434\u044b\u0433\u043e\u0432;<br \/>\n&#8212; \u044d\u0442\u043d\u0438\u0447\u0435\u0441\u043a\u0430\u044f, \u0440\u0435\u0433\u0438\u043e\u043d\u0430\u043b\u044c\u043d\u0430\u044f \u0438 \u0433\u0440\u0430\u0436\u0434\u0430\u043d\u0441\u043a\u0430\u044f \u0438\u0434\u0435\u043d\u0442\u0438\u0447\u043d\u043e\u0441\u0442\u044c \u043d\u0430\u0441\u0435\u043b\u0435\u043d\u0438\u044f \u0410\u0434\u044b\u0433\u0435\u0438;<br \/>\n&#8212; \u0441\u043e\u0432\u0440\u0435\u043c\u0435\u043d\u043d\u0430\u044f \u043a\u0443\u043b\u044c\u0442\u0443\u0440\u0430 \u0430\u0434\u044b\u0433\u043e\u0432;<\/p>\n<p><strong>\u0421\u043f\u0438\u0441\u043e\u043a \u043f\u0443\u0431\u043b\u0438\u043a\u0430\u0446\u0438\u0439:<\/strong><br \/>\n&#8212; \u0414\u043e\u043d\u0435\u0436\u0443\u043a \u041c.\u042e. \u0412\u043e\u0435\u043d\u043d\u043e\u0435 \u0438\u0441\u043a\u0443\u0441\u0441\u0442\u0432\u043e \u0430\u0434\u044b\u0433\u043e\u0432 \/\/ \u0421\u043e\u0446\u0438\u043e\u043a\u0443\u043b\u044c\u0442\u0443\u0440\u043d\u043e\u0435 \u043c\u043d\u043e\u0433\u043e\u043e\u0431\u0440\u0430\u0437\u0438\u0435 \u0432 \u0441\u043e\u0432\u0440\u0435\u043c\u0435\u043d\u043d\u043e\u043c \u043c\u0438\u0440\u0435. \u041f\u043e \u043c\u0430\u0442\u0435\u0440\u0438\u0430\u043b\u0430\u043c \u043a\u043e\u043d\u0444\u0435\u0440\u0435\u043d\u0446\u0438\u0438 \u043c\u043e\u043b\u043e\u0434\u044b\u0445 \u0443\u0447\u0435\u043d\u044b\u0445. \u041c\u043e\u0441\u043a\u0432\u0430, 11-13 \u0434\u0435\u043a\u0430\u0431\u0440\u044f 2018\u0433; \u041c\u043e\u0441\u043a\u0432\u0430. \u0418\u042d\u0410 \u0420\u0410\u041d, 2019. \u0421\u0442\u0440. 257-266.<br \/>\n&#8212; \u0414\u043e\u043d\u0435\u0436\u0443\u043a \u041c. \u042e. \u0423\u0432\u0430\u0436\u0435\u043d\u0438\u0435 \u0441\u0442\u0430\u0440\u0448\u0438\u0445 \u0443 \u0430\u0434\u044b\u0433\u043e\u0432: \u0432\u043e\u0437\u043d\u0438\u043a\u043d\u043e\u0432\u0435\u043d\u0438\u0435 \u0438 \u0442\u0440\u0430\u043d\u0441\u0444\u043e\u0440\u043c\u0430\u0446\u0438\u044f \u0442\u0440\u0430\u0434\u0438\u0446\u0438\u0438 \/\/ \u0412\u0435\u0441\u0442\u043d\u0438\u043a \u0430\u043d\u0442\u0440\u043e\u043f\u043e\u043b\u043e\u0433\u0438\u0438. \u2013 2020. \u2013 \u2116 4(52). \u2013 \u0421. 210-223.<br \/>\n&#8212; \u0414\u043e\u043d\u0435\u0436\u0443\u043a \u041c. \u042e. \u042f\u0437\u044b\u043a\u043e\u0432\u043e\u0435 \u043f\u043e\u0432\u0435\u0434\u0435\u043d\u0438\u0435 \u0438 \u043a\u043e\u043c\u043f\u0435\u0442\u0435\u043d\u0446\u0438\u0438 \u0430\u0434\u044b\u0433\u0435\u0439\u0441\u043a\u043e\u0433\u043e \u0441\u0442\u0443\u0434\u0435\u043d\u0447\u0435\u0441\u0442\u0432\u0430: \u0432\u043b\u0430\u0434\u0435\u043d\u0438\u0435 \u0438 \u0431\u044b\u0442\u043e\u0432\u0430\u043d\u0438\u0435 \/\/ \u0412\u0435\u0441\u0442\u043d\u0438\u043a \u0430\u043d\u0442\u0440\u043e\u043f\u043e\u043b\u043e\u0433\u0438\u0438. \u2013 2021. \u2013 \u2116 4. \u2013 \u0421. 75-91.<br \/>\n&#8212; \u0414\u043e\u043d\u0435\u0436\u0443\u043a \u041c. \u042e. \u0413\u0440\u0430\u0436\u0434\u0430\u043d\u0441\u043a\u0430\u044f, \u044d\u0442\u043d\u0438\u0447\u0435\u0441\u043a\u0430\u044f, \u0440\u0435\u0433\u0438\u043e\u043d\u0430\u043b\u044c\u043d\u0430\u044f \u0438\u0434\u0435\u043d\u0442\u0438\u0447\u043d\u043e\u0441\u0442\u044c \u0430\u0434\u044b\u0433\u043e\u0432 (\u043f\u043e \u043c\u0430\u0442\u0435\u0440\u0438\u0430\u043b\u0430\u043c \u043f\u0438\u043b\u043e\u0442\u043d\u043e\u0433\u043e \u0438\u0441\u0441\u043b\u0435\u0434\u043e\u0432\u0430\u043d\u0438\u044f \u0432 \u0410\u0434\u044b\u0433\u0435\u0435: 17 \u0438\u044e\u043b\u044f &#8212; 17 \u0430\u0432\u0433\u0443\u0441\u0442\u0430 2020 \u0433.) \/\/ \u0412\u0435\u0441\u0442\u043d\u0438\u043a \u041e\u043c\u0441\u043a\u043e\u0433\u043e \u0443\u043d\u0438\u0432\u0435\u0440\u0441\u0438\u0442\u0435\u0442\u0430. \u0421\u0435\u0440\u0438\u044f: \u0418\u0441\u0442\u043e\u0440\u0438\u0447\u0435\u0441\u043a\u0438\u0435 \u043d\u0430\u0443\u043a\u0438. \u2013 2021. \u2013 \u0422. 8. \u2013 \u2116 4(32). \u2013 \u0421. 152-156. \u2013 DOI 10.24147\/2312-1300.2021.8(4).152-156.<br \/>\n&#8212; \u0414\u043e\u043d\u0435\u0436\u0443\u043a \u041c.\u042e. \u0414\u0438\u043d\u0430\u043c\u0438\u043a\u0430 \u0447\u0438\u0441\u043b\u0435\u043d\u043d\u043e\u0441\u0442\u0438 \u0438 \u0432\u043b\u0430\u0434\u0435\u043d\u0438\u044f \u0440\u043e\u0434\u043d\u044b\u043c \u044f\u0437\u044b\u043a\u043e\u043c \u0443 \u0437\u0430\u043f\u0430\u0434\u043d\u044b\u0445 \u0430\u0434\u044b\u0433\u043e\u0432 \u043f\u043e \u043c\u0430\u0442\u0435\u0440\u0438\u0430\u043b\u0430\u043c \u0412\u0441\u0435\u0440\u043e\u0441\u0441\u0438\u0439\u0441\u043a\u0438\u0445 \u0438 \u0412\u0441\u0435\u0441\u043e\u044e\u0437\u043d\u044b\u0445 \u043f\u0435\u0440\u0435\u043f\u0438\u0441\u0435\u0439 \u043d\u0430\u0441\u0435\u043b\u0435\u043d\u0438\u044f (1897 &#8212; 2010 \u0433\u043e\u0434\u044b) \/\/ \u0410\u043b\u044c\u043c\u0430\u043d\u0430\u0445 \u041a\u043e\u043d\u0444\u0435\u0440\u0435\u043d\u0446\u0438\u0438 \u043c\u043e\u043b\u043e\u0434\u044b\u0445 \u0443\u0447\u0435\u043d\u044b\u0445 \u0418\u043d\u0441\u0442\u0438\u0442\u0443\u0442\u0430 \u044d\u0442\u043d\u043e\u043b\u043e\u0433\u0438\u0438 \u0438 \u0430\u043d\u0442\u0440\u043e\u043f\u043e\u043b\u043e\u0433\u0438\u0438 \u0420\u0410\u041d. \u0412\u044b\u043f\u0443\u0441\u043a II \/ \u043e\u0442\u0432. \u0440\u0435\u0434. \u0421.\u0410. \u041e\u0440\u0435\u0448\u0438\u043d, \u041f.\u0410. \u0421\u0435\u0440\u0438\u043d. \u041c.: \u0418\u042d\u0410 \u0420\u0410\u041d, 2021. \u0422. 2. 296 \u0441. \u2013 \u0421. 18-28.<br \/>\n&#8212; \u0421\u0442\u0430\u0440\u0447\u0435\u043d\u043a\u043e \u0420.\u0410., \u0414\u043e\u043d\u0435\u0436\u0443\u043a \u041c.\u042e. \u042f\u0437\u044b\u043a\u043e\u0432\u044b\u0435 \u043f\u0440\u0435\u0434\u043f\u043e\u0447\u0442\u0435\u043d\u0438\u044f \u043a\u0440\u044b\u043c\u0441\u043a\u0438\u0445 \u0442\u0430\u0442\u0430\u0440 \u043f\u043e \u043c\u0430\u0442\u0435\u0440\u0438\u0430\u043b\u0430\u043c \u043e\u043f\u0440\u043e\u0441\u0430 \u043d\u0430\u0441\u0435\u043b\u0435\u043d\u0438\u044f \u0433\u043e\u0440\u043e\u0434\u0430 \u0421\u0438\u043c\u0444\u0435\u0440\u043e\u043f\u043e\u043b\u044c \u0432 2019 \u0433\u043e\u0434\u0443 \/\/ B\u0130LG\u0130L\u00c4R, 2021, \u2116 6 (7). \u2013 \u0421. 21-25.<br \/>\n&#8212; \u0414\u043e\u043d\u0435\u0436\u0443\u043a \u041c. \u042e. \u042d\u0442\u043d\u0438\u0447\u0435\u0441\u043a\u0430\u044f \u0438\u0434\u0435\u043d\u0442\u0438\u0447\u043d\u043e\u0441\u0442\u044c \u0430\u0434\u044b\u0433\u043e\u0432 (\u043f\u043e \u043c\u0430\u0442\u0435\u0440\u0438\u0430\u043b\u0430\u043c \u0438\u0441\u0441\u043b\u0435\u0434\u043e\u0432\u0430\u043d\u0438\u044f 2021 \u0433\u043e\u0434\u0430) \/\/ \u0418\u0437\u0432\u0435\u0441\u0442\u0438\u044f \u0421\u041e\u0418\u0413\u0421\u0418. \u2013 2022. \u2013 \u2116 43(82). \u2013 \u0421. 70-81. \u2013 DOI 10.46698\/VNC.2022.82.43.006.<br \/>\n&#8212; \u0414\u043e\u043d\u0435\u0436\u0443\u043a \u041c.\u042e. \u0410\u0434\u044b\u0433\u0435\u0439\u0441\u043a\u0438\u0439 \u044f\u0437\u044b\u043a \u043a\u0430\u043a \u0440\u043e\u0434\u043d\u043e\u0439: \u043f\u043e \u043c\u0430\u0442\u0435\u0440\u0438\u0430\u043b\u0430\u043c \u044d\u0442\u043d\u043e\u0441\u043e\u0446\u0438\u043e\u043b\u043e\u0433\u0438\u0447\u0435\u0441\u043a\u043e\u0433\u043e \u0438\u0441\u0441\u043b\u0435\u0434\u043e\u0432\u0430\u043d\u0438\u044f \/\/ \u0421\u043e\u0445\u0440\u0430\u043d\u0435\u043d\u0438\u0435 \u0438 \u0440\u0430\u0437\u0432\u0438\u0442\u0438\u0435 \u043d\u0430\u0446\u0438\u043e\u043d\u0430\u043b\u044c\u043d\u043e\u0433\u043e \u044f\u0437\u044b\u043a\u0430 \u0432 \u0443\u0441\u043b\u043e\u0432\u0438\u044f\u0445 \u0433\u043b\u043e\u0431\u0430\u043b\u0438\u0437\u0430\u0446\u0438\u0438: \u0441\u043e\u0432\u0440\u0435\u043c\u0435\u043d\u043d\u044b\u0435 \u043c\u0435\u0442\u043e\u0434\u044b \u0438 \u0442\u0435\u0445\u043d\u043e\u043b\u043e\u0433\u0438\u0438: \u043c\u0430\u0442\u0435\u0440\u0438\u0430\u043b\u044b IV \u041c\u0435\u0436\u0434\u0443\u043d\u0430\u0440\u043e\u0434\u043d\u043e\u0439 \u043d\u0430\u0443\u0447\u043d\u043e-\u043c\u0435\u0442\u043e\u0434\u043e\u043b\u043e\u0433\u0438\u0447\u0435\u0441\u043a\u043e\u0439 \u043a\u043e\u043d\u0444\u0435\u0440\u0435\u043d\u0446\u0438\u0438, \u043f\u0440\u043e\u0432\u0435\u0434\u0435\u043d\u043d\u043e\u0439 \u0432 \u0440\u0430\u043c\u043a\u0430\u0445 \u041c\u0435\u0436\u0434\u0443\u043d\u0430\u0440\u043e\u0434\u043d\u043e\u0433\u043e \u0434\u0435\u0441\u044f\u0442\u0438\u043b\u0435\u0442\u0438\u044f \u044f\u0437\u044b\u043a\u043e\u0432 \u043a\u043e\u0440\u0435\u043d\u043d\u044b\u0445 \u043d\u0430\u0440\u043e\u0434\u043e\u0432 (\u041c\u0430\u0439\u043a\u043e\u043f, 16-17 \u043c\u0430\u0440\u0442\u0430 2022 \u0433.). \/ \u0420\u0435\u0434.-\u0441\u043e\u0441\u0442. \u0421.\u0425. \u0410\u043d\u0447\u0435\u043a. \u2013 \u041c\u0430\u0439\u043a\u043e\u043f: \u0418\u0437\u0434-\u0432\u043e \u041c\u0430\u0433\u0430\u0440\u0438\u043d \u041e.\u0413., 2022. \u2013 \u0421. 55-57.<br \/>\n&#8212; \u0414\u043e\u043d\u0435\u0436\u0443\u043a \u041c.\u042e. \u0423\u0432\u0430\u0436\u0435\u043d\u0438\u0435 \u0441\u0442\u0430\u0440\u0448\u0438\u0445 \u0443 \u0430\u0434\u044b\u0433\u043e\u0432: \u0432\u0437\u0433\u043b\u044f\u0434 \u0441\u0442\u0443\u0434\u0435\u043d\u0447\u0435\u0441\u043a\u043e\u0439 \u043c\u043e\u043b\u043e\u0434\u0435\u0436\u0438 \/\/ \u042d\u0442\u043d\u043e\u0441\u043e\u0446\u0438\u043e\u043b\u043e\u0433\u0438\u044f: \u043f\u043e\u0438\u0441\u043a\u0438 \u0438 \u0441\u0432\u0435\u0440\u0448\u0435\u043d\u0438\u044f \/ \u041e\u0442\u0432. \u0440\u0435\u0434. \u0438 \u0441\u043e\u0441\u0442.: \u041b.\u0412.\u041e\u0441\u0442\u0430\u043f\u0435\u043d\u043a\u043e, \u0418.\u0410.\u0421\u0443\u0431\u0431\u043e\u0442\u0438\u043d\u0430. &#8212; \u041c.: \u0418\u043d\u0441\u0442\u0438\u0442\u0443\u0442 \u044d\u0442\u043d\u043e\u043b\u043e\u0433\u0438\u0438 \u0438 \u0430\u043d\u0442\u0440\u043e\u043f\u043e\u043b\u043e\u0433\u0438\u0438 \u0420\u0410\u041d, 2022 \u2013 \u0421. 228-231.<br \/>\n&#8212; \u0414\u043e\u043d\u0435\u0436\u0443\u043a \u041c.\u042e. \u041f\u0440\u043e\u0431\u043b\u0435\u043c\u044b \u0431\u044b\u0442\u043e\u0432\u0430\u043d\u0438\u044f \u0430\u0434\u044b\u0433\u0435\u0439\u0441\u043a\u043e\u0433\u043e \u044f\u0437\u044b\u043a\u0430 \u0441\u0440\u0435\u0434\u0438 \u0430\u0434\u044b\u0433\u0435\u0439\u0441\u043a\u043e\u0439 \u043c\u043e\u043b\u043e\u0434\u0435\u0436\u0438: \u043d\u0430 \u043f\u0440\u0438\u043c\u0435\u0440\u0435 \u0441\u0440\u0430\u0432\u043d\u0435\u043d\u0438\u044f \u0433\u043e\u0440\u043e\u0434\u0441\u043a\u0438\u0445 \u0438 \u0441\u0435\u043b\u044c\u0441\u043a\u0438\u0445 \u0441\u0442\u0443\u0434\u0435\u043d\u0442\u043e\u0432 \u0432 \u0433. \u041c\u0430\u0439\u043a\u043e\u043f \/\/ \u042d\u043b\u0435\u043a\u0442\u0440\u043e\u043d\u043d\u044b\u0439 \u0436\u0443\u0440\u043d\u0430\u043b \u00ab\u041a\u0430\u0432\u043a\u0430\u0437\u043e\u043b\u043e\u0433\u0438\u044f\u00bb. \u2013 2023. \u2013 \u2116 1. \u2013 \u0421. 188-201.<\/p>\n","protected":false},"excerpt":{"rendered":"<p>\u043a\u0430\u043d\u0434\u0438\u0434\u0430\u0442 \u0438\u0441\u0442\u043e\u0440\u0438\u0447\u0435\u0441\u043a\u0438\u0445 \u043d\u0430\u0443\u043a, \u043d\u0430\u0443\u0447\u043d\u044b\u0439 \u0441\u043e\u0442\u0440\u0443\u0434\u043d\u0438\u043a \u0420\u0430\u0441\u043f\u0440\u0435\u0434\u0435\u043b\u0435\u043d\u043d\u043e\u0433\u043e \u043d\u0430\u0443\u0447\u043d\u043e\u0433\u043e \u0446\u0435\u043d\u0442\u0440\u0430 \u043c\u0435\u0436\u043d\u0430\u0446\u0438\u043e\u043d\u0430\u043b\u044c\u043d\u044b\u0445 \u0438 \u0440\u0435\u043b\u0438\u0433\u0438\u043e\u0437\u043d\u044b\u0445 \u043f\u0440\u043e\u0431\u043b\u0435\u043c. \u041a\u043e\u043d\u0442\u0430\u043a\u0442\u044b: donezhuk.murat@yandex.ru \u041e\u0431\u0440\u0430\u0437\u043e\u0432\u0430\u043d\u0438\u0435: \u0412 2018 \u0433. \u043e\u043a\u043e\u043d\u0447\u0438\u043b \u043e\u0431\u0443\u0447\u0435\u043d\u0438\u0435 \u043d\u0430 \u0424\u0430\u043a\u0443\u043b\u044c\u0442\u0435\u0442\u0435 \u0430\u0434\u044b\u0433\u0435\u0439\u0441\u043a\u043e\u0439 \u0444\u0438\u043b\u043e\u043b\u043e\u0433\u0438\u0438 \u0438 \u043a\u0443\u043b\u044c\u0442\u0443\u0440\u044b \u0410\u0434\u044b\u0433\u0435\u0439\u0441\u043a\u043e\u0433\u043e \u0433\u043e\u0441\u0443\u0434\u0430\u0440\u0441\u0442\u0432\u0435\u043d\u043d\u043e\u0433\u043e \u0443\u043d\u0438\u0432\u0435\u0440\u0441\u0438\u0442\u0435\u0442\u0430. \u0421 \u0442\u043e\u0433\u043e \u0436\u0435 \u0433\u043e\u0434\u0430 \u043f\u043e 2021 \u0433. \u0430\u0441\u043f\u0438\u0440\u0430\u043d\u0442 \u0432 \u0418\u043d\u0441\u0442\u0438\u0442\u0443\u0442\u0435 \u044d\u0442\u043d\u043e\u043b\u043e\u0433\u0438\u0438 \u0438 \u0430\u043d\u0442\u0440\u043e\u043f\u043e\u043b\u043e\u0433\u0438\u0438 \u0420\u0410\u041d. \u0412 2022 \u0433. \u0437\u0430\u0449\u0438\u0442\u0438\u043b \u043a\u0430\u043d\u0434\u0438\u0434\u0430\u0442\u0441\u043a\u0443\u044e \u0434\u0438\u0441\u0441\u0435\u0440\u0442\u0430\u0446\u0438\u044e \u043d\u0430 \u0442\u0435\u043c\u0443: \u00ab\u042d\u0442\u043d\u043e\u043a\u0443\u043b\u044c\u0442\u0443\u0440\u043d\u044b\u0435 \u0438 \u044f\u0437\u044b\u043a\u043e\u0432\u044b\u0435 \u043e\u0440\u0438\u0435\u043d\u0442\u0430\u0446\u0438\u0438 [&hellip;]<\/p>\n","protected":false},"author":11,"featured_media":0,"parent":0,"menu_order":0,"comment_status":"closed","ping_status":"closed","template":"","meta":{"footnotes":""},"class_list":["post-14499","page","type-page","status-publish","hentry"],"_links":{"self":[{"href":"https:\/\/iea-ras.ru\/index.php?rest_route=\/wp\/v2\/pages\/14499","targetHints":{"allow":["GET"]}}],"collection":[{"href":"https:\/\/iea-ras.ru\/index.php?rest_route=\/wp\/v2\/pages"}],"about":[{"href":"https:\/\/iea-ras.ru\/index.php?rest_route=\/wp\/v2\/types\/page"}],"author":[{"embeddable":true,"href":"https:\/\/iea-ras.ru\/index.php?rest_route=\/wp\/v2\/users\/11"}],"replies":[{"embeddable":true,"href":"https:\/\/iea-ras.ru\/index.php?rest_route=%2Fwp%2Fv2%2Fcomments&post=14499"}],"version-history":[{"count":4,"href":"https:\/\/iea-ras.ru\/index.php?rest_route=\/wp\/v2\/pages\/14499\/revisions"}],"predecessor-version":[{"id":14505,"href":"https:\/\/iea-ras.ru\/index.php?rest_route=\/wp\/v2\/pages\/14499\/revisions\/14505"}],"wp:attachment":[{"href":"https:\/\/iea-ras.ru\/index.php?rest_route=%2Fwp%2Fv2%2Fmedia&parent=14499"}],"curies":[{"name":"wp","href":"https:\/\/api.w.org\/{rel}","templated":true}]}}